e the remainder when h is divided by y.
8
Suppose 16*c - 3*c - 91 = 0. Suppose 4*k - 3*x - 280 = 0, 5*k - 350 = 8*x - c*x. What is the remainder when k is divided by 15?
10
Let r(i) = -9*i - 3. Let h be r(-2). Suppose 109*x = 112*x + h. What is the remainder when 44 is divided by (-14)/3*(2 + x)/1?
2
Let j be 96*15*(0 + (-14)/(-35)). Suppose 0 = -8*v + 3*v + 110. Calculate the remainder when j/40*45/6 is divided by v.
20
Let o(y) = y**3 + 9*y**2 + 6*y - 2. Let l be o(-5). Let m be (-3)/(-8)*(-96)/(-12). Suppose -k - l = -m*k. Calculate the remainder when 100 is divided by k.
32
Suppose 64 = 4*t - 4*g, 32*g - 33*g = -2*t + 28. Suppose -12 = -4*q, -19 = -r + t*q - 7*q. What is the remainder when 168 is divided by r?
32
Calculate the remainder when 478 + -19 + (5 - -11) + -3 + 0 is divided by 18.
4
Let n = 191 + -152. Let f = -169 + 178. What is the remainder when n is divided by f?
3
Suppose 3*o + 3*r = 84, 5*r + 180 = 149*o - 144*o. Calculate the remainder when 1310 is divided by o.
30
Let o(h) = -3*h + 20. Let d(u) = 3*u - 20. Let i(l) = 5*d(l) + 4*o(l). Let a be i(6). What is the remainder when 34 is divided by 22 + (a - (2 - 1))?
15
Suppose -3*d - 4*u + 32 + 17 = 0, -2*u = d - 13. Calculate the remainder when d is divided by 16 + 1/(1/(-1)).
8
Suppose 1353 = -87*c + 15360. Calculate the remainder when 631 is divided by c.
148
Let q(m) = -178*m + 1818. Let r(l) = l**3 + 8*l**2 + 4*l. What is the remainder when q(9) is divided by r(-5)?
51
Let q = 40 - -620. Calculate the remainder when q is divided by 7.
2
Let u(r) = r**2 - 6*r - 155. What is the remainder when 150 is divided by u(18)?
28
Suppose -3057 = -2*m - 3*c, -4*m + 3*c = -c - 6184. What is the remainder when 3095 is divided by m?
17
Let f(s) = 3*s**2 + 244*s + 1895. Calculate the remainder when 702 is divided by f(-8).
27
Let z = 42 - 42. Suppose 8*l + 18 - 2 = z. Let b(u) = -5*u**3 - u**2 - 5*u - 5. Calculate the remainder when b(l) is divided by 3.
2
Let m(i) = 441*i**2 - 26*i - 7. Calculate the remainder when m(-2) is divided by 181.
180
Suppose -d = -23*g + 21*g + 281, -4*g + 4*d + 572 = 0. Suppose 21*x - g = 15*x. Calculate the remainder when x is divided by 5.
3
Let a(j) = 18*j**2 - 3*j + 2. Let u = -39499 - -39529. Calculate the remainder when a(2) is divided by u.
8
Suppose -3116 + 3081 = -5*c, 4*p - 3*c - 131 = 0. Calculate the remainder when 142 is divided by p.
28
Suppose 3*a = 5*x - 763, 8*x - 3*x + 1245 = -5*a. Let k = -205 - a. Calculate the remainder when k is divided by 12.
10
Let k = -180 + 218. Suppose 34*y = k*y - 1788. What is the remainder when y is divided by 45?
42
Suppose -24236*h = -24207*h - 9367. What is the remainder when 748 is divided by h?
102
Let a(t) = 4*t + 18. Let w(r) = 2*r + 9. Let i(m) = -2*a(m) + 5*w(m). Let f be i(10). Suppose -82*k - f = -83*k. What is the remainder when k is divided by 3?
2
Let k = 27725 - 27696. Suppose -2*c = 1 - 15. What is the remainder when k is divided by c?
1
Let y = -766 + 994. What is the remainder when y is divided by 23?
21
Suppose 244 = m - 5*z, 1034 = 5*m - 5*z - 226. Suppose -m*k = -257*k + 96. Calculate the remainder when k is divided by 20.
12
Suppose 137*y - 132*y = h + 209, 0 = -3*y + 3*h + 135. Calculate the remainder when 282 is divided by y.
36
What is the remainder when 439 is divided by 22/((-242)/1485)*-3?
34
Suppose -16*d + 13 = -3619. Calculate the remainder when d is divided by 99.
29
Let p(y) = 606*y - 2353. What is the remainder when p(5) is divided by 22?
17
Let o be (-5)/10 - ((-12174)/12 + -5). Suppose -299 = 16*j - o. What is the remainder when j is divided by (-6*2)/(6/(-8))?
13
Suppose 3*v + 0*n - 382 = n, 5*v = -4*n + 665. Suppose 4*s + 39 = d, s - v = -2*d - 51. What is the remainder when d is divided by 11?
6
Let q(w) = 36*w + 415. What is the remainder when q(-1) is divided by 83?
47
Suppose -5*i + 1137 + 118 = -5*b, -b - 1019 = -4*i. Suppose -i = -s + 150. What is the remainder when s is divided by 68?
66
Suppose -3*l + 543 = -5*k, 4*l - 2*k - 886 = -l. What is the remainder when l is divided by (1 - 0) + 1 + -6 - (25 + -44)?
11
Let t(u) be the first derivative of -6*u**2 + 18*u + 39. Calculate the remainder when 87 is divided by t(1).
3
Suppose -181*z + 184*z - 5*t - 41 = 0, -5*z - 3*t = -57. Calculate the remainder when z is divided by 6.
0
Suppose -5*l + 4*l = -31. Let u = -22 + l. Suppose -7*t + u*t = 32. What is the remainder when 39 is divided by t?
7
Let m(i) = -i**3 - 18*i**2 - 25*i + 27. Let s be m(-17). Let o = 183 - s. What is the remainder when 77 is divided by o?
17
Suppose 27 = 7*a - 29. Suppose 11*y - a = 13*y. Calculate the remainder when 57 is divided by (y/10)/((-2)/60).
9
Suppose 169906 - 83396 = 75*n - 169465. Calculate the remainder when 10243 is divided by n.
4
Suppose 52*w + 623 = 59*w. Let f(g) = g**3 + 6*g**2 - 4*g + 1. Calculate the remainder when w is divided by f(-6).
14
Suppose -16 = -k + 24. Let x be 20/k + (-2)/(4/7). Let p(q) = 6*q**2 + 2*q + 3. Calculate the remainder when p(x) is divided by 19.
13
Suppose 0 = 5*k - 0*k + 3*i - 319, k - 3*i - 53 = 0. Let w(u) = 14*u**2 - 6*u + 24. Calculate the remainder when k is divided by w(0).
14
Suppose 3*f + 2*f - 5*l - 30 = 0, -5*f + 21 = 4*l. Suppose 0 = n - f*n, 3*n = 5*q + 20. Calculate the remainder when 87 is divided by 22 + ((-12)/q - 2).
18
Suppose -45*t + 25*t = -4960. Calculate the remainder when t is divided by 88.
72
Let m(y) = -y**3 + 6*y**2 - y - 4. Suppose -12*s + 3*s = -171. Suppose 15*v = s*v - 164. What is the remainder when v is divided by m(5)?
9
Let u(g) = 6*g**3 - 56*g**2 - 31*g + 21. What is the remainder when 848 is divided by u(10)?
71
Let u = -142 + 150. Suppose 4*c = u*q - 11*q + 109, 5*c + 5*q = 135. Calculate the remainder when c is divided by 15.
13
Suppose 0 = 4*k + 3*q - 496, 24 = -k + 3*q + 163. Suppose -711*a + 78 = -709*a + 5*r, 5*a - 144 = -4*r. Calculate the remainder when k is divided by a.
7
Suppose 0 = 10*d - 4*d - 162. Calculate the remainder when (4/6)/(-1) - 59708/(-759) is divided by d.
24
Suppose -5*n + 8*n = -3*p + 1335, 4*p - 2222 = -5*n. Suppose -f + 35*f - n = 0. Calculate the remainder when 181 is divided by f.
12
Let y = -1890 - -2046. What is the remainder when y is divided by 10?
6
Calculate the remainder when (-851 + 709)/((1 - -1)/(-3*1)) is divided by 161.
52
Suppose -28*f + 25*f + 3*w = 78, -f = -5*w + 22. Suppose 0 = 5*b - 2*x - 46 - 12, 4*x = 4*b - 56. Calculate the remainder when (158/(-6))/(9/f) is divided by b.
9
Let n(j) = -2*j**3 - 4*j**2 + 10*j + 8. Suppose 38 = -12*g - 10. What is the remainder when 120 is divided by n(g)?
24
Suppose 0 = -74*s - 14*s + 11352. Calculate the remainder when 784 is divided by s.
10
Suppose -2*v - 3*a = -2*a - 17, 2*v - 18 = -2*a. Calculate the remainder when (16 + 1072/(-64))/((-21)/616) is divided by v.
6
Let b(t) be the first derivative of 2*t**3 + 2*t**2 - 10*t - 7. Let x be b(5). Suppose x = 4*a - 72. What is the remainder when a is divided by 12?
10
Let w(f) = f**3 + 5*f**2 + 2*f - 4. Suppose -2*l + 13 + 23 = -v, 18 = l + 3*v. What is the remainder when l is divided by w(-4)?
2
Let l(v) = -145 + 0*v + 0*v**2 + 3*v + v**3 - 11*v**2 + 130. Suppose 3*a - 25 = 11. Calculate the remainder when l(a) is divided by 21.
18
Suppose -7*l - 11 = -4. Calculate the remainder when 109 is divided by (0 - l) + (38 - 5) + -5.
22
Let g(n) = -898*n - 4321. What is the remainder when g(-8) is divided by 318?
1
Let g(l) = 2 - 3 + 2*l**2 + 2. Let o be g(3). Suppose -z = r + z - 11, 2*z + o = r. Calculate the remainder when 42 is divided by r.
12
Let l(x) = -52 - 20*x**2 - 80*x + 31*x + 32*x + x**3. Calculate the remainder when 127 is divided by l(21).
31
Suppose 1399 - 364 = -5*d - 3*k, -2*d = 5*k + 414. Let m = d + 208. Calculate the remainder when 2 is divided by m.
0
Let v = -12 - -17. Suppose v*k - 2*i - 33 = -9, -2*k = i - 15. Suppose 0*d + 10 = -5*u + 5*d, -4*d = u - 18. What is the remainder when k is divided by u?
0
Suppose 2*z + 6 = -2. Suppose 3*l + 3*w = 231, 4*l - 3*w = l + 255. What is the remainder when l is divided by (-520)/(-13) - z/2?
39
What is the remainder when 234 is divided by 215 + (13 + -18 - 3)?
27
Let m = 59 - 57. Let f be 1/1 + 258/m. Suppose -5*c + f = 6*t - t, -2*t = -5*c + 123. What is the remainder when